s digit of y?
1
Let j = -99 + 94. What is the tens digit of 153/(-1)*-2*j/(-10)?
5
Let w = 31 - 26. Suppose -5*h + 4 - 9 = 0, 4*a = -w*h + 55. What is the tens digit of a?
1
Suppose -10 = 4*t - t - 4*g, 3*g - 4 = 4*t. Suppose t*w + 42 = 5*w. Let v = w - 3. What is the tens digit of v?
1
What is the tens digit of (1 + -4 + -9)*(-635)/20?
8
Let o(u) = 14*u**2 + 5*u + 6. Let f be o(-2). Let m = f - -8. What is the tens digit of m?
6
Suppose -188 = -3*j + 334. Let v = j - 93. Suppose 2*i = -i + v. What is the units digit of i?
7
Suppose -5*i + 643 = s, 0*i - i - 3137 = -5*s. Suppose -2*t + 6*t - s = 0. Suppose b - q = -4*b + t, 2*b - 56 = -3*q. What is the tens digit of b?
3
Suppose -h + 5*v + 51 = 0, 3*v - 56 = 5*h - 289. Suppose -5*d - 2 = -4*d + 2*q, -q = 0. Let x = h - d. What is the units digit of x?
8
Let h be (-60)/(-4)*(-25)/(-1). Suppose 3*c - h = -2*c - 4*n, 3*n + 15 = 0. What is the tens digit of c?
7
Let x = 26 + -24. Suppose -8*u + 288 = -x*u. What is the tens digit of u?
4
Let y(o) = o**3 + 34*o**2 + 17*o - 7. Let d(k) = 17*k**2 + 8*k - 4. Let s(p) = 5*d(p) - 2*y(p). What is the tens digit of s(8)?
0
What is the hundreds digit of (5436/112 + (-4)/14)*8?
3
Let l(m) = -2*m**2 - 100*m + 27. What is the thousands digit of l(-22)?
1
Suppose -7*g - 2845 = -21941. What is the thousands digit of g?
2
Let j = 96 - 192. Let v = j + 201. What is the units digit of v?
5
Let b = -146 - -381. What is the hundreds digit of b?
2
Let w = -561 - -569. What is the units digit of w?
8
Let q be (-4 - -2)/1 - -3. Let a(b) = -3*b + 7. Let p(y) = y - 1. Let g(j) = q*a(j) + 4*p(j). What is the tens digit of g(13)?
1
Suppose 5*p + 65 = 5*m, -7*m + 2*m - 10 = 0. Let y = -345 + 346. Let x = y - p. What is the units digit of x?
6
Let c = 32 + 4. What is the units digit of (-30 - 1)/(-2*2/c)?
9
Let v = -34 - -37. Suppose v*d = 94 + 8. What is the units digit of d?
4
Suppose -7045 = -3*q - 5*y, 0*q = 3*q - 5*y - 7055. What is the tens digit of q?
5
Suppose -3*s + 4*s - 3*o + 15 = 0, 17 = -3*s - 5*o. What is the hundreds digit of 6/s - (-610)/6?
1
Suppose u + 3*c - 174 = 0, 0 = -5*u + u + 4*c + 760. Suppose -n + 77 = 3*h, 2*n = 4*h - 2*h + u. What is the units digit of n?
9
Let v = 3 + -1. Suppose -c + 2*s = 3*s + 13, v*c = -s - 27. What is the units digit of (c/(-2))/(2 + -1)?
7
Let d(j) = 3*j**3 - j**2 - 16*j - 5. What is the hundreds digit of d(5)?
2
Let b = -9 + 14. Suppose 1 = u, 2*u + 205 = b*o - 198. What is the units digit of o?
1
Suppose 7*x = 30896 - 2161. What is the thousands digit of x?
4
Let t(u) = u**3 + u**2 - 8*u - 10. Let z be t(-4). What is the units digit of (z/(-3) + -4)/(2/15)?
5
Let o = -5 - 89. What is the tens digit of (-3)/(-12) + o/(-8)?
1
Let c be ((-1)/2)/(2/12). Let o(r) = 2*r**3 - r**2 + r. Let g(x) = -4*x**3 + 7*x**2 - x - 1. Let w(u) = -g(u) - 3*o(u). What is the units digit of w(c)?
5
Suppose -8 = -6*h + 4. Let u be -1*h - 85/(-17). Suppose 5*q - u*z - 75 = 93, -z + 76 = 2*q. What is the units digit of q?
6
Suppose x + 3*v = -30 + 80, 168 = 4*x - 4*v. Suppose x = 3*i - i. What is the units digit of i?
2
Let w be (2 - -1)/(-1 + 2). Let f(k) = -3*k**w + 12*k - 3*k**2 - 14*k + k**3. What is the units digit of f(-2)?
8
Let a(p) = 2*p**3 - 3*p**2 - p + 176. Suppose 96 = -2*g + 96. What is the units digit of a(g)?
6
Let f(y) = 2*y**2 + 6*y - 27. Let n(t) = 7*t - 22. Let b be n(4). What is the tens digit of f(b)?
8
Let r = 10 + -7. Let x be (1/r)/((-4)/(-24)). Suppose -20 = b - x*b. What is the units digit of b?
0
Let o(z) = z**3 - 7*z**2 - 6*z + 48. Let d be o(7). Let j(l) = l**2 + l + 2 - 2*l + 6. What is the units digit of j(d)?
8
Let y(x) = 139*x + 60. What is the units digit of y(5)?
5
Let g(u) be the third derivative of u**5/60 + 7*u**4/12 - 5*u**3/3 - 5*u**2. Suppose a + 12 = 2*d, 4*d - 38 - 2 = 3*a. What is the tens digit of g(a)?
2
Suppose 5*h = 8*z - 9*z + 957, -2*z = 5*h - 1929. What is the units digit of z?
2
Suppose -f - 2 = -l - 9, 16 = -2*l + f. Let q be (l/12)/((-3)/(-12)). What is the units digit of 2/q - 14/(-3)?
4
Let z(m) = m - 1. Let k be z(-4). Let b(g) = 4 + g**2 - 3 + 5 + 5*g. What is the units digit of b(k)?
6
Let f = -9 + 0. Let x(v) = v**2 - 9. What is the tens digit of x(f)?
7
Let u(v) = -v**3 - 7*v**2 + 12*v - 2. Let q(l) = -3*l**3 - 20*l**2 + 35*l - 5. Let y(h) = -6*q(h) + 17*u(h). What is the units digit of y(3)?
4
Let n(b) = -b. Let v(c) = -8*c + 10. Let w(z) = 5*n(z) - v(z). Suppose 4*k + 15 - 51 = 0. What is the units digit of w(k)?
7
Suppose 966 = 3*i + t - 478, 0 = i - 4*t - 490. What is the hundreds digit of i?
4
Suppose 55 = -2*h + 3*h. Let q be -4 + -3 + -4 + (-29)/(-1). Suppose -b + h = q. What is the tens digit of b?
3
Suppose 258*o = 248*o + 6110. What is the tens digit of o?
1
Let i be 6 - (-1 - 2 - -6). Let v(c) = 2*c**2 - 7*c - 4. Let w be v(6). Suppose -i*d = -140 + w. What is the tens digit of d?
3
Let x(j) = -115*j + 129. What is the hundreds digit of x(-7)?
9
Suppose 5*s - 80 = -5*o, -3*o - 5*s + 68 = o. What is the tens digit of o?
1
Let z(h) = -h**3 + h**2 + 16. Let d be z(0). Suppose -d + 177 = w. What is the hundreds digit of w?
1
Let o(g) = -45*g + 14. Let p be (-1104)/264 + 4/22. What is the hundreds digit of o(p)?
1
Suppose 6*k - 12026 = -4*d + 9*k, 0 = 4*k - 8. What is the units digit of d?
8
Suppose -4*b + 4*x + 164 = x, 4*x = -2*b + 104. Suppose 3*k = b + 1. What is the tens digit of k?
1
Let b(h) = -4*h**2 + 38*h - 33*h + 4 - 4*h**3 + 7*h**3. What is the hundreds digit of b(4)?
1
Let h(d) = -d**2 + 11*d - 14. Let f be h(6). Suppose -3*l + f = 2*q, -5 = -4*l + 3. Suppose -88 = -q*s + s. What is the units digit of s?
2
Let o(u) = 36*u**2 + 8*u - 1. What is the units digit of o(-4)?
3
Let h = 6007 + -3824. What is the units digit of h?
3
Let j(c) = -373*c + 106. What is the thousands digit of j(-4)?
1
Suppose 43*h = 38*h + 975. What is the units digit of h?
5
Suppose 4*a = -2*k - 22, a - 3*k - 7 = -2. Let o(f) be the first derivative of f**3/3 - f**2 - 3*f + 63. What is the units digit of o(a)?
1
Suppose 0 = 19*i - 26*i + 28. Suppose 2*t = -i*w + 378, -w + 98 = 6*t - 2*t. What is the tens digit of w?
9
Suppose -2*v + 4*v - 4 = 0. Suppose -149 = -3*s - 2*r + r, 8 = -v*r. What is the tens digit of s?
5
Let r(u) = u**2 - 12*u - 44. Let w be r(15). What is the units digit of (-5 - -3)/(w/(-2)) - -67?
1
Let j = -307 - -470. Suppose 2*z - j = 21. What is the tens digit of z?
9
Suppose -5*c + 4 = -2*d, 0*d + 5*c = d + 12. Suppose -4*b + 28 + d = 0. What is the units digit of b/2*32/6?
4
Let c = 9 + 715. What is the units digit of c?
4
Let l(v) = 102*v - 29. What is the hundreds digit of l(5)?
4
Let b = -114 + 170. Suppose -6*d + b = -4*d. What is the units digit of d?
8
Let g(k) = -k**3 + 15*k**2 + 5*k - 21. What is the units digit of g(10)?
9
Suppose -69402 = -38*t - 5*t. What is the tens digit of t?
1
Let s = -146 - -198. What is the tens digit of s?
5
Suppose 29*z - 27016 = -15*z. What is the tens digit of z?
1
Let j = 24 + -24. Suppose -4*x + 365 = -h, -x - 4*h + h + 75 = j. What is the units digit of x?
0
Let m(f) = 80*f + 10. Let j(u) = 80*u + 8. Let h(q) = 3*j(q) - 2*m(q). What is the tens digit of h(2)?
6
Suppose -651 = -s + h, -5*s + 3*h + 3716 - 453 = 0. What is the units digit of s?
5
Suppose 0 = 3*t - t. Suppose 4*q = t, -2*w - 669 = -w - 4*q. What is the units digit of 12/(-20) - w/15?
4
Let n(l) = 802*l + 73. What is the units digit of n(4)?
1
Suppose 4*x - 7*x = 0. Suppose x = 3*w + 16 - 82. What is the units digit of w?
2
Let f(c) = -119*c - 553. What is the tens digit of f(-53)?
5
Let r be (-1168)/(-3) - (-26)/39. Let x = -654 + r. What is the units digit of 3/(-5) - x/15?
7
Suppose 0 = -j + 2*r + 5879, -26*r - 23534 = -4*j - 24*r. What is the tens digit of j?
8
Let s be (-1 + (-27)/(-15))*-5. Let p be s/((-5)/(15/(-6))). What is the units digit of -3 - ((-1 - p) + -23)?
9
Let f be (-1 - (2 - 2))*-6. Suppose -43 = -7*z + 13. Suppose 0 = 4*w + 4*n - 60, -z = -2*w + 2*n + f. What is the units digit of w?
1
Let s = -632 - -912. What is the tens digit of s?
8
Let z = 485 + -141. What is the tens digit of z?
4
Suppose -885 - 627 = -4*h. Suppose -3*i + h = -0*i. Suppose 8*u - i = 6*u. What is the units digit of u?
3
Suppose 5*t + 3*s = -8, 0*t - t + 4*s = -3. Suppose 6*d = 